{"id":149,"date":"2025-04-23T09:23:24","date_gmt":"2025-04-23T09:23:24","guid":{"rendered":"https:\/\/obradornubeco.com\/?page_id=149"},"modified":"2025-04-25T18:50:59","modified_gmt":"2025-04-25T18:50:59","slug":"nubeco","status":"publish","type":"page","link":"https:\/\/obradornubeco.com\/index.php\/nubeco\/","title":{"rendered":"Nubeco"},"content":{"rendered":"<p>[et_pb_section fb_built=\u00bb1&#8243; _builder_version=\u00bb4.27.4&#8243; _module_preset=\u00bbdefault\u00bb background_image=\u00bbhttps:\/\/obradornubeco.com\/wp-content\/uploads\/2025\/04\/IMG_7654-scaled.jpeg\u00bb custom_padding=\u00bb||403px|||\u00bb global_colors_info=\u00bb{}\u00bb][\/et_pb_section][et_pb_section fb_built=\u00bb1&#8243; _builder_version=\u00bb4.27.4&#8243; _module_preset=\u00bbdefault\u00bb background_color=\u00bb#2b2b2b\u00bb custom_padding=\u00bb58px||58px||true|\u00bb global_colors_info=\u00bb{}\u00bb][et_pb_row _builder_version=\u00bb4.27.4&#8243; _module_preset=\u00bbdefault\u00bb global_colors_info=\u00bb{}\u00bb][et_pb_column type=\u00bb4_4&#8243; _builder_version=\u00bb4.27.4&#8243; _module_preset=\u00bbdefault\u00bb global_colors_info=\u00bb{}\u00bb][et_pb_text _builder_version=\u00bb4.27.4&#8243; _module_preset=\u00bbdefault\u00bb text_font=\u00bbCandal||||||||\u00bb text_text_color=\u00bb#FFFFFF\u00bb text_font_size=\u00bb36px\u00bb text_line_height=\u00bb1em\u00bb global_colors_info=\u00bb{}\u00bb]<\/p>\n<p style=\"text-align: center;\"><span>El pan de toda la vida mejor hecho que nunca<\/span><\/p>\n<p>[\/et_pb_text][et_pb_text disabled_on=\u00bbon|off|off\u00bb _builder_version=\u00bb4.27.4&#8243; _module_preset=\u00bbdefault\u00bb text_text_color=\u00bb#FFFFFF\u00bb text_font_size=\u00bb17px\u00bb width=\u00bb63%\u00bb max_width=\u00bb100%\u00bb module_alignment=\u00bbcenter\u00bb custom_margin=\u00bb18px|||9px||\u00bb global_colors_info=\u00bb{}\u00bb]<\/p>\n<p data-start=\"118\" data-end=\"271\" class=\"\" style=\"text-align: justify;\">Nuestra producci\u00f3n se centra en distintos tipos de panes y dulces, todos hechos de manera sostenible y por supuesto con mucho cari\u00f1o y amor<\/p>\n<p style=\"text-align: justify;\">Bienvenidos a Obrador Artesano Nubeco, donde el arte de hacer pan se encuentra con la pasi\u00f3n por la calidad y la sostenibilidad. Nos enorgullece ofrecer panes elaborados al 100% con masa madre de cultivo y harinas ecol\u00f3gicas, garantizando un producto saludable y delicioso. Nuestra fermentaci\u00f3n lenta y producci\u00f3n diaria limitada aseguran que cada pieza de pan sea \u00fanica, llena de sabor y hecha con dedicaci\u00f3n. Descubre el aut\u00e9ntico sabor del pan artesanal y \u00fanete a nosotros en este viaje hacia una alimentaci\u00f3n m\u00e1s natural y consciente.<\/p>\n<p>[\/et_pb_text][et_pb_text disabled_on=\u00bboff|on|on\u00bb _builder_version=\u00bb4.27.4&#8243; _module_preset=\u00bbdefault\u00bb text_text_color=\u00bb#FFFFFF\u00bb text_font_size=\u00bb17px\u00bb width=\u00bb100%\u00bb max_width=\u00bb100%\u00bb module_alignment=\u00bbcenter\u00bb custom_margin=\u00bb18px|||9px||\u00bb global_colors_info=\u00bb{}\u00bb]<\/p>\n<p data-start=\"118\" data-end=\"271\" class=\"\" style=\"text-align: justify;\">Nuestra producci\u00f3n se centra en distintos tipos de panes y dulces, todos hechos de manera sostenible y por supuesto con mucho cari\u00f1o y amor<\/p>\n<p style=\"text-align: justify;\">Bienvenidos a Obrador Artesano Nubeco, donde el arte de hacer pan se encuentra con la pasi\u00f3n por la calidad y la sostenibilidad. Nos enorgullece ofrecer panes elaborados al 100% con masa madre de cultivo y harinas ecol\u00f3gicas, garantizando un producto saludable y delicioso. Nuestra fermentaci\u00f3n lenta y producci\u00f3n diaria limitada aseguran que cada pieza de pan sea \u00fanica, llena de sabor y hecha con dedicaci\u00f3n. Descubre el aut\u00e9ntico sabor del pan artesanal y \u00fanete a nosotros en este viaje hacia una alimentaci\u00f3n m\u00e1s natural y consciente.<\/p>\n<p>[\/et_pb_text][\/et_pb_column][\/et_pb_row][et_pb_row _builder_version=\u00bb4.27.4&#8243; _module_preset=\u00bbdefault\u00bb custom_margin=\u00bb30px|auto||auto||\u00bb global_colors_info=\u00bb{}\u00bb][et_pb_column type=\u00bb4_4&#8243; _builder_version=\u00bb4.27.4&#8243; _module_preset=\u00bbdefault\u00bb global_colors_info=\u00bb{}\u00bb][et_pb_text _builder_version=\u00bb4.27.4&#8243; _module_preset=\u00bbdefault\u00bb text_font=\u00bbCandal||||||||\u00bb text_text_color=\u00bb#FFFFFF\u00bb text_font_size=\u00bb36px\u00bb text_line_height=\u00bb1em\u00bb text_orientation=\u00bbcenter\u00bb global_colors_info=\u00bb{}\u00bb]<\/p>\n<p><span>Miga a miga, cambiamos el mundo<\/span><\/p>\n<p>[\/et_pb_text][\/et_pb_column][\/et_pb_row][et_pb_row column_structure=\u00bb1_2,1_2&#8243; disabled_on=\u00bbon|off|off\u00bb _builder_version=\u00bb4.27.4&#8243; _module_preset=\u00bbdefault\u00bb width=\u00bb76%\u00bb max_width=\u00bb1699px\u00bb custom_padding=\u00bb12px|||9px||\u00bb global_colors_info=\u00bb{}\u00bb][et_pb_column type=\u00bb1_2&#8243; _builder_version=\u00bb4.27.4&#8243; _module_preset=\u00bbdefault\u00bb global_colors_info=\u00bb{}\u00bb][et_pb_image src=\u00bbhttps:\/\/obradornubeco.com\/wp-content\/uploads\/2025\/04\/IMG_7687-scaled.jpeg\u00bb title_text=\u00bbIMG_7687&#8243; _builder_version=\u00bb4.27.4&#8243; _module_preset=\u00bbdefault\u00bb global_colors_info=\u00bb{}\u00bb][\/et_pb_image][\/et_pb_column][et_pb_column type=\u00bb1_2&#8243; _builder_version=\u00bb4.27.4&#8243; _module_preset=\u00bbdefault\u00bb global_colors_info=\u00bb{}\u00bb][et_pb_text _builder_version=\u00bb4.27.4&#8243; _module_preset=\u00bbdefault\u00bb text_text_color=\u00bb#FFFFFF\u00bb text_font_size=\u00bb17px\u00bb custom_margin=\u00bb18px|||9px||\u00bb global_colors_info=\u00bb{}\u00bb]<\/p>\n<p data-start=\"118\" data-end=\"271\" class=\"\" style=\"text-align: justify;\">En <strong data-start=\"121\" data-end=\"131\">Nubeco<\/strong>, horneamos con conciencia. Utilizamos <strong data-start=\"170\" data-end=\"192\">harinas ecol\u00f3gicas<\/strong> y <strong data-start=\"195\" data-end=\"220\">masa madre de cultivo<\/strong>, respetando tanto tu salud como el medio ambiente.<\/p>\n<p data-start=\"273\" data-end=\"453\" class=\"\" style=\"text-align: justify;\">Nuestra producci\u00f3n diaria es <strong data-start=\"302\" data-end=\"333\">limitada y sin desperdicios<\/strong>, fomentando un consumo responsable. Apostamos por <strong data-start=\"384\" data-end=\"408\">ingredientes locales<\/strong>, procesos artesanales y envases sostenibles.<\/p>\n<p data-start=\"455\" data-end=\"542\" class=\"\" style=\"text-align: justify;\">Porque para nosotros, <strong data-start=\"477\" data-end=\"541\">la sostenibilidad no es una moda, es parte de nuestra receta<\/strong>.<\/p>\n<p>[\/et_pb_text][\/et_pb_column][\/et_pb_row][et_pb_row disabled_on=\u00bboff|on|on\u00bb _builder_version=\u00bb4.27.4&#8243; _module_preset=\u00bbdefault\u00bb width=\u00bb100%\u00bb max_width=\u00bb1699px\u00bb custom_padding=\u00bb12px|||9px||\u00bb hover_enabled=\u00bb0&#8243; global_colors_info=\u00bb{}\u00bb sticky_enabled=\u00bb0&#8243;][et_pb_column type=\u00bb4_4&#8243; _builder_version=\u00bb4.27.4&#8243; _module_preset=\u00bbdefault\u00bb global_colors_info=\u00bb{}\u00bb][et_pb_image src=\u00bbhttps:\/\/obradornubeco.com\/wp-content\/uploads\/2025\/04\/IMG_7687-scaled.jpeg\u00bb title_text=\u00bbIMG_7687&#8243; _builder_version=\u00bb4.27.4&#8243; _module_preset=\u00bbdefault\u00bb global_colors_info=\u00bb{}\u00bb][\/et_pb_image][\/et_pb_column][\/et_pb_row][et_pb_row disabled_on=\u00bboff|on|on\u00bb _builder_version=\u00bb4.27.4&#8243; _module_preset=\u00bbdefault\u00bb width=\u00bb80.7%\u00bb max_width=\u00bb1699px\u00bb custom_padding=\u00bb12px|||0px||\u00bb global_colors_info=\u00bb{}\u00bb][et_pb_column type=\u00bb4_4&#8243; _builder_version=\u00bb4.27.4&#8243; _module_preset=\u00bbdefault\u00bb global_colors_info=\u00bb{}\u00bb][et_pb_text _builder_version=\u00bb4.27.4&#8243; _module_preset=\u00bbdefault\u00bb text_text_color=\u00bb#FFFFFF\u00bb text_font_size=\u00bb17px\u00bb width=\u00bb100%\u00bb max_width=\u00bb100%\u00bb custom_margin=\u00bb18px|||9px||\u00bb global_colors_info=\u00bb{}\u00bb]<\/p>\n<p data-start=\"118\" data-end=\"271\" class=\"\" style=\"text-align: justify;\">En <strong data-start=\"121\" data-end=\"131\">Nubeco<\/strong>, horneamos con conciencia. Utilizamos <strong data-start=\"170\" data-end=\"192\">harinas ecol\u00f3gicas<\/strong> y <strong data-start=\"195\" data-end=\"220\">masa madre de cultivo<\/strong>, respetando tanto tu salud como el medio ambiente.<\/p>\n<p data-start=\"273\" data-end=\"453\" class=\"\" style=\"text-align: justify;\">Nuestra producci\u00f3n diaria es <strong data-start=\"302\" data-end=\"333\">limitada y sin desperdicios<\/strong>, fomentando un consumo responsable. Apostamos por <strong data-start=\"384\" data-end=\"408\">ingredientes locales<\/strong>, procesos artesanales y envases sostenibles.<\/p>\n<p data-start=\"455\" data-end=\"542\" class=\"\" style=\"text-align: justify;\">Porque para nosotros, <strong data-start=\"477\" data-end=\"541\">la sostenibilidad no es una moda, es parte de nuestra receta<\/strong>.<\/p>\n<p>[\/et_pb_text][\/et_pb_column][\/et_pb_row][et_pb_row _builder_version=\u00bb4.27.4&#8243; _module_preset=\u00bbdefault\u00bb custom_margin=\u00bb36px|auto||auto||\u00bb global_colors_info=\u00bb{}\u00bb][et_pb_column type=\u00bb4_4&#8243; _builder_version=\u00bb4.27.4&#8243; _module_preset=\u00bbdefault\u00bb global_colors_info=\u00bb{}\u00bb][et_pb_text _builder_version=\u00bb4.27.4&#8243; _module_preset=\u00bbdefault\u00bb text_font=\u00bbCandal||||||||\u00bb text_text_color=\u00bb#FFFFFF\u00bb text_font_size=\u00bb36px\u00bb text_line_height=\u00bb1em\u00bb global_colors_info=\u00bb{}\u00bb]<\/p>\n<p style=\"text-align: center;\"><span>Visi\u00f3n, Misi\u00f3n y Valores<\/span><\/p>\n<p>[\/et_pb_text][\/et_pb_column][\/et_pb_row][et_pb_row column_structure=\u00bb1_2,1_2&#8243; _builder_version=\u00bb4.27.4&#8243; _module_preset=\u00bbdefault\u00bb global_colors_info=\u00bb{}\u00bb][et_pb_column type=\u00bb1_2&#8243; _builder_version=\u00bb4.27.4&#8243; _module_preset=\u00bbdefault\u00bb global_colors_info=\u00bb{}\u00bb][et_pb_text _builder_version=\u00bb4.27.4&#8243; _module_preset=\u00bbdefault\u00bb text_text_color=\u00bb#FFFFFF\u00bb text_font_size=\u00bb17px\u00bb text_orientation=\u00bbjustified\u00bb global_colors_info=\u00bb{}\u00bb]<\/p>\n<h2><span style=\"color: #ffffff;\"><b>Visi\u00f3n:<\/b><\/span><\/h2>\n<p>Ser reconocidos como el obrador artesano con elaboraci\u00f3n de pan 100% con masa madre de cultivo y harinas ecol\u00f3gicas, que promueve una alimentaci\u00f3n saludable y sostenible, contribuyendo al bienestar de nuestra comunidad y del medio ambiente.<\/p>\n<p>[\/et_pb_text][\/et_pb_column][et_pb_column type=\u00bb1_2&#8243; _builder_version=\u00bb4.27.4&#8243; _module_preset=\u00bbdefault\u00bb global_colors_info=\u00bb{}\u00bb][et_pb_text _builder_version=\u00bb4.27.4&#8243; _module_preset=\u00bbdefault\u00bb text_text_color=\u00bb#FFFFFF\u00bb text_font_size=\u00bb17px\u00bb text_orientation=\u00bbjustified\u00bb global_colors_info=\u00bb{}\u00bb]<\/p>\n<h2><span style=\"color: #ffffff;\"><b>Misi\u00f3n:<\/b><\/span><\/h2>\n<p>Elaborar panes artesanales de la m\u00e1s alta calidad, utilizando ingredientes ecol\u00f3gicos y procesos tradicionales de fermentaci\u00f3n lenta. Nos comprometemos a ofrecer productos frescos y saludables cada d\u00eda, evitando el desperdicio o merma de alimentos y respetando el medio ambiente y apoyando a los agricultores locales.<\/p>\n<p>[\/et_pb_text][et_pb_text _builder_version=\u00bb4.27.4&#8243; _module_preset=\u00bbdefault\u00bb text_text_color=\u00bb#FFFFFF\u00bb text_font_size=\u00bb17px\u00bb text_orientation=\u00bbjustified\u00bb global_colors_info=\u00bb{}\u00bb][\/et_pb_text][\/et_pb_column][\/et_pb_row][et_pb_row _builder_version=\u00bb4.27.4&#8243; _module_preset=\u00bbdefault\u00bb custom_padding=\u00bb3px|||||\u00bb global_colors_info=\u00bb{}\u00bb][et_pb_column type=\u00bb4_4&#8243; _builder_version=\u00bb4.27.4&#8243; _module_preset=\u00bbdefault\u00bb global_colors_info=\u00bb{}\u00bb][et_pb_text _builder_version=\u00bb4.27.4&#8243; _module_preset=\u00bbdefault\u00bb text_text_color=\u00bb#FFFFFF\u00bb text_font_size=\u00bb17px\u00bb text_orientation=\u00bbjustified\u00bb global_colors_info=\u00bb{}\u00bb]<\/p>\n<h2 style=\"text-align: center;\"><span style=\"color: #ffffff;\"><b>Valores<\/b><\/span><\/h2>\n<p>[\/et_pb_text][\/et_pb_column][\/et_pb_row][et_pb_row column_structure=\u00bb1_4,1_4,1_4,1_4&#8243; _builder_version=\u00bb4.27.4&#8243; _module_preset=\u00bbdefault\u00bb custom_padding=\u00bb14px|||||\u00bb global_colors_info=\u00bb{}\u00bb][et_pb_column type=\u00bb1_4&#8243; _builder_version=\u00bb4.27.4&#8243; _module_preset=\u00bbdefault\u00bb global_colors_info=\u00bb{}\u00bb][et_pb_text _builder_version=\u00bb4.27.4&#8243; _module_preset=\u00bbdefault\u00bb text_text_color=\u00bb#FFFFFF\u00bb text_font_size=\u00bb17px\u00bb text_orientation=\u00bbjustified\u00bb global_colors_info=\u00bb{}\u00bb]<\/p>\n<p><b>Calidad:<\/b><\/p>\n<p>Nos esforzamos por ofrecer productos de la m\u00e1s alta calidad, utilizando solo los mejores ingredientes.<\/p>\n<p>[\/et_pb_text][\/et_pb_column][et_pb_column type=\u00bb1_4&#8243; _builder_version=\u00bb4.27.4&#8243; _module_preset=\u00bbdefault\u00bb global_colors_info=\u00bb{}\u00bb][et_pb_text _builder_version=\u00bb4.27.4&#8243; _module_preset=\u00bbdefault\u00bb text_text_color=\u00bb#FFFFFF\u00bb text_font_size=\u00bb17px\u00bb text_orientation=\u00bbjustified\u00bb global_colors_info=\u00bb{}\u00bb]<\/p>\n<p style=\"text-align: justify;\"><strong>Sostenibilidad:<\/strong> <\/p>\n<p style=\"text-align: justify;\">Promovemos pr\u00e1cticas sostenibles en todas nuestras operaciones, desde la selecci\u00f3n de ingredientes hasta la producci\u00f3n y distribuci\u00f3n.<\/p>\n<p>[\/et_pb_text][\/et_pb_column][et_pb_column type=\u00bb1_4&#8243; _builder_version=\u00bb4.27.4&#8243; _module_preset=\u00bbdefault\u00bb global_colors_info=\u00bb{}\u00bb][et_pb_text _builder_version=\u00bb4.27.4&#8243; _module_preset=\u00bbdefault\u00bb text_text_color=\u00bb#FFFFFF\u00bb text_font_size=\u00bb17px\u00bb text_orientation=\u00bbjustified\u00bb global_colors_info=\u00bb{}\u00bb]<\/p>\n<p><b>Tradici\u00f3n:<\/b><\/p>\n<p>Valoramos y preservamos las t\u00e9cnicas tradicionales de panader\u00eda, asegurando que cada pan sea una obra de arte.<\/p>\n<p style=\"text-align: justify;\">\n<p>[\/et_pb_text][\/et_pb_column][et_pb_column type=\u00bb1_4&#8243; _builder_version=\u00bb4.27.4&#8243; _module_preset=\u00bbdefault\u00bb global_colors_info=\u00bb{}\u00bb][et_pb_text _builder_version=\u00bb4.27.4&#8243; _module_preset=\u00bbdefault\u00bb text_text_color=\u00bb#FFFFFF\u00bb text_font_size=\u00bb17px\u00bb text_orientation=\u00bbjustified\u00bb global_colors_info=\u00bb{}\u00bb]<\/p>\n<p><b>Compromiso:<\/b><\/p>\n<p>Estamos dedicados a la satisfacci\u00f3n de nuestros clientes y al bienestar de nuestra comunidad.<\/p>\n<p>&nbsp;<\/p>\n<p style=\"text-align: justify;\">\n<p>[\/et_pb_text][\/et_pb_column][\/et_pb_row][et_pb_row _builder_version=\u00bb4.27.4&#8243; _module_preset=\u00bbdefault\u00bb hover_enabled=\u00bb0&#8243; global_colors_info=\u00bb{}\u00bb disabled_on=\u00bbon|off|off\u00bb sticky_enabled=\u00bb0&#8243;][et_pb_column type=\u00bb4_4&#8243; _builder_version=\u00bb4.27.4&#8243; _module_preset=\u00bbdefault\u00bb global_colors_info=\u00bb{}\u00bb][et_pb_image src=\u00bbhttps:\/\/obradornubeco.com\/wp-content\/uploads\/2025\/04\/IMG_7650-scaled.jpeg\u00bb title_text=\u00bbIMG_7650&#8243; _builder_version=\u00bb4.27.4&#8243; _module_preset=\u00bbdefault\u00bb global_colors_info=\u00bb{}\u00bb][\/et_pb_image][\/et_pb_column][\/et_pb_row][et_pb_row _builder_version=\u00bb4.27.4&#8243; _module_preset=\u00bbdefault\u00bb hover_enabled=\u00bb0&#8243; global_colors_info=\u00bb{}\u00bb disabled_on=\u00bboff|on|on\u00bb sticky_enabled=\u00bb0&#8243; width=\u00bb100%\u00bb max_width=\u00bb1544px\u00bb][et_pb_column type=\u00bb4_4&#8243; _builder_version=\u00bb4.27.4&#8243; _module_preset=\u00bbdefault\u00bb global_colors_info=\u00bb{}\u00bb][et_pb_image src=\u00bbhttps:\/\/obradornubeco.com\/wp-content\/uploads\/2025\/04\/IMG_7650-scaled.jpeg\u00bb title_text=\u00bbIMG_7650&#8243; _builder_version=\u00bb4.27.4&#8243; _module_preset=\u00bbdefault\u00bb global_colors_info=\u00bb{}\u00bb][\/et_pb_image][\/et_pb_column][\/et_pb_row][et_pb_row _builder_version=\u00bb4.27.4&#8243; _module_preset=\u00bbdefault\u00bb custom_padding=\u00bb||6px|||\u00bb global_colors_info=\u00bb{}\u00bb][et_pb_column type=\u00bb4_4&#8243; _builder_version=\u00bb4.27.4&#8243; _module_preset=\u00bbdefault\u00bb global_colors_info=\u00bb{}\u00bb][et_pb_text _builder_version=\u00bb4.27.4&#8243; _module_preset=\u00bbdefault\u00bb text_font=\u00bbCandal||||||||\u00bb text_text_color=\u00bb#FFFFFF\u00bb text_font_size=\u00bb36px\u00bb text_line_height=\u00bb1em\u00bb global_colors_info=\u00bb{}\u00bb]<\/p>\n<p style=\"text-align: center;\"><span>Innovaci\u00f3n<\/span><\/p>\n<p>[\/et_pb_text][\/et_pb_column][\/et_pb_row][et_pb_row column_structure=\u00bb1_2,1_2&#8243; _builder_version=\u00bb4.27.4&#8243; _module_preset=\u00bbdefault\u00bb global_colors_info=\u00bb{}\u00bb][et_pb_column type=\u00bb1_2&#8243; _builder_version=\u00bb4.27.4&#8243; _module_preset=\u00bbdefault\u00bb global_colors_info=\u00bb{}\u00bb][et_pb_text _builder_version=\u00bb4.27.4&#8243; _module_preset=\u00bbdefault\u00bb text_font_size=\u00bb18px\u00bb text_orientation=\u00bbjustified\u00bb global_colors_info=\u00bb{}\u00bb]<\/p>\n<p><span style=\"color: #ffffff;\"><b>Innovaci\u00f3n:<\/b> Buscamos constantemente mejorar y adaptar nuestras t\u00e9cnicas y productos para satisfacer las necesidades cambiantes de nuestros clientes.<\/span><\/p>\n<p><span style=\"color: #ffffff;\"><\/span><\/p>\n<p><span style=\"color: #ffffff;\"><span>En <\/span><strong data-start=\"272\" data-end=\"282\">NUBECO<\/strong><span> no solo elaboramos productos con ingredientes ecol\u00f3gicos y masa madre: tambi\u00e9n apostamos por la <\/span><strong data-start=\"379\" data-end=\"423\">innovaci\u00f3n constante en nuestras recetas<\/strong><span>. Porque escuchar a nuestros clientes es parte esencial del proceso, pero sorprenderles\u2026 \u00a1es nuestra verdadera pasi\u00f3n!<\/span><\/span><\/p>\n<p><span style=\"color: #ffffff;\"><span><\/span><\/span><\/p>\n<p><span style=\"color: #ffffff;\"><span>Nos gusta decir que <strong data-start=\"790\" data-end=\"861\">cada receta nueva nace del equilibrio entre tradici\u00f3n y creatividad<\/strong>, con el objetivo de ofrecerte no solo lo que esperas\u2026 sino algo que te encante descubrir.<\/span><\/span><\/p>\n<p>[\/et_pb_text][\/et_pb_column][et_pb_column type=\u00bb1_2&#8243; _builder_version=\u00bb4.27.4&#8243; _module_preset=\u00bbdefault\u00bb global_colors_info=\u00bb{}\u00bb][et_pb_image src=\u00bbhttps:\/\/obradornubeco.com\/wp-content\/uploads\/2025\/04\/IMG_7636-scaled.jpeg\u00bb title_text=\u00bbIMG_7636&#8243; _builder_version=\u00bb4.27.4&#8243; _module_preset=\u00bbdefault\u00bb global_colors_info=\u00bb{}\u00bb][\/et_pb_image][\/et_pb_column][\/et_pb_row][\/et_pb_section][et_pb_section fb_built=\u00bb1&#8243; _builder_version=\u00bb4.27.4&#8243; _module_preset=\u00bbdefault\u00bb background_image=\u00bbhttps:\/\/obradornubeco.com\/wp-content\/uploads\/2025\/04\/IMG_7674-scaled.jpeg\u00bb custom_padding=\u00bb||616px|||\u00bb global_colors_info=\u00bb{}\u00bb][\/et_pb_section][et_pb_section fb_built=\u00bb1&#8243; _builder_version=\u00bb4.27.4&#8243; _module_preset=\u00bbdefault\u00bb background_color=\u00bb#2b2b2b\u00bb global_colors_info=\u00bb{}\u00bb][et_pb_row _builder_version=\u00bb4.27.4&#8243; _module_preset=\u00bbdefault\u00bb custom_margin=\u00bb39px|auto||auto||\u00bb global_colors_info=\u00bb{}\u00bb][et_pb_column type=\u00bb4_4&#8243; _builder_version=\u00bb4.27.4&#8243; _module_preset=\u00bbdefault\u00bb global_colors_info=\u00bb{}\u00bb][et_pb_text _builder_version=\u00bb4.27.4&#8243; _module_preset=\u00bbdefault\u00bb text_font=\u00bbCandal||||||||\u00bb text_text_color=\u00bb#FFFFFF\u00bb text_font_size=\u00bb36px\u00bb text_line_height=\u00bb1em\u00bb global_colors_info=\u00bb{}\u00bb]<\/p>\n<p style=\"text-align: center;\"><span>\u00bfQuieres hacer un pedido?<\/span><\/p>\n<p>[\/et_pb_text][et_pb_text disabled_on=\u00bbon|off|off\u00bb _builder_version=\u00bb4.27.4&#8243; _module_preset=\u00bbdefault\u00bb text_text_color=\u00bb#FFFFFF\u00bb text_font_size=\u00bb17px\u00bb width=\u00bb63%\u00bb module_alignment=\u00bbcenter\u00bb custom_margin=\u00bb18px|||9px||\u00bb global_colors_info=\u00bb{}\u00bb]<\/p>\n<p data-start=\"118\" data-end=\"271\" class=\"\" style=\"text-align: justify;\">Actualmente no vendemos online, solo recogemos pedidos para la ciudad de Dos Hermanas. Si vives en Dos Hermanas o Montequinto puedes hacer tu pedido para recoger en tienda o a domicilio (solo los mi\u00e9rcoles).<\/p>\n<p>[\/et_pb_text][et_pb_text disabled_on=\u00bboff|on|on\u00bb _builder_version=\u00bb4.27.4&#8243; _module_preset=\u00bbdefault\u00bb text_text_color=\u00bb#FFFFFF\u00bb text_font_size=\u00bb17px\u00bb width=\u00bb100%\u00bb module_alignment=\u00bbcenter\u00bb custom_margin=\u00bb18px|||9px||\u00bb hover_enabled=\u00bb0&#8243; global_colors_info=\u00bb{}\u00bb sticky_enabled=\u00bb0&#8243;]<\/p>\n<p data-start=\"118\" data-end=\"271\" class=\"\" style=\"text-align: justify;\">Actualmente no vendemos online, solo recogemos pedidos para la ciudad de Dos Hermanas. Si vives en Dos Hermanas o Montequinto puedes hacer tu pedido para recoger en tienda o a domicilio (solo los mi\u00e9rcoles).<\/p>\n<p>[\/et_pb_text][\/et_pb_column][\/et_pb_row][et_pb_row disabled_on=\u00bbon|off|off\u00bb _builder_version=\u00bb4.27.4&#8243; _module_preset=\u00bbdefault\u00bb custom_padding=\u00bb7px|||||\u00bb global_colors_info=\u00bb{}\u00bb][et_pb_column type=\u00bb4_4&#8243; _builder_version=\u00bb4.27.4&#8243; _module_preset=\u00bbdefault\u00bb global_colors_info=\u00bb{}\u00bb][et_pb_image src=\u00bbhttps:\/\/obradornubeco.com\/wp-content\/uploads\/2025\/04\/pedido-neg.png\u00bb title_text=\u00bbpedido-neg\u00bb url=\u00bbhttps:\/\/pedidos.obradornubeco.com\u00bb align=\u00bbcenter\u00bb _builder_version=\u00bb4.27.4&#8243; _module_preset=\u00bbdefault\u00bb width=\u00bb22%\u00bb global_colors_info=\u00bb{}\u00bb][\/et_pb_image][\/et_pb_column][\/et_pb_row][et_pb_row disabled_on=\u00bboff|on|on\u00bb _builder_version=\u00bb4.27.4&#8243; _module_preset=\u00bbdefault\u00bb custom_padding=\u00bb7px||119px|||\u00bb global_colors_info=\u00bb{}\u00bb][et_pb_column type=\u00bb4_4&#8243; _builder_version=\u00bb4.27.4&#8243; _module_preset=\u00bbdefault\u00bb global_colors_info=\u00bb{}\u00bb][et_pb_image src=\u00bbhttps:\/\/obradornubeco.com\/wp-content\/uploads\/2025\/04\/pedido-neg.png\u00bb title_text=\u00bbpedido-neg\u00bb url=\u00bbhttps:\/\/pedidos.obradornubeco.com\u00bb align=\u00bbcenter\u00bb _builder_version=\u00bb4.27.4&#8243; _module_preset=\u00bbdefault\u00bb width=\u00bb88%\u00bb module_alignment=\u00bbcenter\u00bb global_colors_info=\u00bb{}\u00bb][\/et_pb_image][\/et_pb_column][\/et_pb_row][\/et_pb_section]<\/p>\n","protected":false},"excerpt":{"rendered":"<p>El pan de toda la vida mejor hecho que nuncaNuestra producci\u00f3n se centra en distintos tipos de panes y dulces, todos hechos de manera sostenible y por supuesto con mucho cari\u00f1o y amor Bienvenidos a Obrador Artesano Nubeco, donde el arte de hacer pan se encuentra con la pasi\u00f3n por la calidad y la sostenibilidad. [&hellip;]<\/p>\n","protected":false},"author":2,"featured_media":0,"parent":0,"menu_order":0,"comment_status":"closed","ping_status":"closed","template":"","meta":{"_et_pb_use_builder":"on","_et_pb_old_content":"","_et_gb_content_width":"","footnotes":""},"class_list":["post-149","page","type-page","status-publish","hentry"],"_links":{"self":[{"href":"https:\/\/obradornubeco.com\/index.php\/wp-json\/wp\/v2\/pages\/149","targetHints":{"allow":["GET"]}}],"collection":[{"href":"https:\/\/obradornubeco.com\/index.php\/wp-json\/wp\/v2\/pages"}],"about":[{"href":"https:\/\/obradornubeco.com\/index.php\/wp-json\/wp\/v2\/types\/page"}],"author":[{"embeddable":true,"href":"https:\/\/obradornubeco.com\/index.php\/wp-json\/wp\/v2\/users\/2"}],"replies":[{"embeddable":true,"href":"https:\/\/obradornubeco.com\/index.php\/wp-json\/wp\/v2\/comments?post=149"}],"version-history":[{"count":20,"href":"https:\/\/obradornubeco.com\/index.php\/wp-json\/wp\/v2\/pages\/149\/revisions"}],"predecessor-version":[{"id":279,"href":"https:\/\/obradornubeco.com\/index.php\/wp-json\/wp\/v2\/pages\/149\/revisions\/279"}],"wp:attachment":[{"href":"https:\/\/obradornubeco.com\/index.php\/wp-json\/wp\/v2\/media?parent=149"}],"curies":[{"name":"wp","href":"https:\/\/api.w.org\/{rel}","templated":true}]}}